1. Suppose -2*w = c - 114. Suppose -w - 66 = -4*f - 4*x, f - 26 = -5*x. What are the prime factors of f?
31
Let t = 57 + -54. Suppose 4*k - b = 323, -2*k - 87 = -t*k - b. What are the prime factors of k?
2, 41
Let b = 77 + -73. What are the prime factors of (1 - 50/b)/((-37)/222)?
3, 23
Let y(n) = -4*n**3 - 7*n**2 + 9*n - 5. List the prime factors of y(-6).
7, 79
Let k = -285 - -970. List the prime factors of k.
5, 137
Let f = 12 - -5. Let p = 21 - f. What are the prime factors of p?
2
Let k = -2461 + 3810. List the prime factors of k.
19, 71
Let m(l) = -l**3 + l**2 + 4*l**2 + 4 + 2*l - 5*l. Let q be m(4). Let k = q - 4. List the prime factors of k.
2
Let p = -112 + 120. Let j = p - -25. List the prime factors of j.
3, 11
Let h(v) = -3*v + 9. Let q be h(2). Suppose 3*s = u - 156, 0*s = -u - q*s + 168. List the prime factors of u.
2, 3
Suppose 0 = -4*l + 8*l - 20. Suppose 0*u - 3*u = d - 58, 3*u = l*d - 254. Suppose 0*a - d = -2*a. List the prime factors of a.
2, 13
Let g(p) = 4 - 4*p + 7*p**2 - p**3 + 13*p + 10 - 7*p. List the prime factors of g(6).
2, 31
Let d = -37 + 34. What are the prime factors of d + (1/1 + 210)/1?
2, 13
Suppose -132*p + 136*p = 96. List the prime factors of p.
2, 3
Let t = 999 + -476. What are the prime factors of t?
523
Let x be 16/(-88) + 18082/(-11). What are the prime factors of 2/(-10) + x/(-20)?
2, 41
Suppose 0*s - 5*s = 5*g - 1970, 4*s - 1551 = g. Suppose 3*u = 5*n + s, n = 3*u + 2*n - 383. List the prime factors of u.
2
Let m be 1/(2 + (-1060)/532). Let q = -43 + m. List the prime factors of q.
2, 3, 5
Suppose 6*x + 14 = 266. Let r = 37 + x. List the prime factors of r.
79
Let z = 416 - -487. What are the prime factors of z?
3, 7, 43
Let u(z) = 96*z + 102. What are the prime factors of u(9)?
2, 3, 7, 23
Let d(p) = 4*p**2 + 2. Let z be d(-2). Suppose -3*o = -6*o + z. Let k = o - -1. What are the prime factors of k?
7
Let b = 1197 - -125. List the prime factors of b.
2, 661
Let j be (-6)/(-2)*375/15. Let h = 86 - j. What are the prime factors of h?
11
Let o(m) = 3*m**3 + 18*m**2 - 10*m - 15. Let v(b) = 4*b**3 + 19*b**2 - 9*b - 16. Let x(h) = 5*o(h) - 4*v(h). List the prime factors of x(12).
109
Let u be 0 + (3*(-12)/(-4) - -4). Let k(i) = 9*i - 7. List the prime factors of k(u).
2, 5, 11
Let c be 4/(-14) - (-144)/63. Suppose 0 = 4*m - c*p - 124, -3*m + 5*p + 52 = -55. List the prime factors of m.
29
Suppose -5*w + 130 = -10*w. Let d = -17 - w. What are the prime factors of d?
3
Suppose 0 = -j - 0*j + y + 126, -5*j - 5*y = -670. Suppose 2*v - j - 178 = 2*w, -4*v + 622 = 2*w. List the prime factors of v.
5, 31
Let j = -13 - -17. Suppose 0*c - 4*n = 2*c - 28, -j*c - 2*n + 38 = 0. What are the prime factors of c?
2
Let j(u) = u**3 - 11*u**2 - 13*u - 8. Let s be j(12). List the prime factors of (-290)/s + 1/2.
3, 5
Let l = 2 + 13. Suppose 0 = -3*d - 0 + l. Suppose -4*a + 188 = -0*a - u, 4*u - 235 = -d*a. What are the prime factors of a?
47
Suppose 0 = j - 2*l - 33, 4*j - 3*l = 38 + 89. What are the prime factors of j?
31
List the prime factors of (-4)/14 + ((-374112)/42)/(-12).
2, 7, 53
Let p(u) = -3*u + 18. Let k be p(6). Let j = 167 + k. What are the prime factors of j?
167
Let x(w) = 3*w - 1. Let v(p) = p + 8. Let q be v(-6). Suppose 0*t - q*t + 23 = a, 4*t - 39 = 5*a. What are the prime factors of x(t)?
2
Let i(s) be the second derivative of -8*s**3/3 + s**2/2 + s. Suppose -13*o + 10*o = 6. List the prime factors of i(o).
3, 11
Let i = 16 + -27. Let k(u) = -2*u**3 + 7*u - 2. Let n(q) = -5*q**3 - q**2 + 20*q - 5. Let v(d) = i*k(d) + 4*n(d). What are the prime factors of v(3)?
29
Let p be -3 + 4 + -3 + 3. Let q(j) be the third derivative of 41*j**4/24 + 9*j**2. List the prime factors of q(p).
41
Let s(n) = -2*n - 8. Let a be s(-9). Let d(v) = 1. Let x(o) = -o - 1. Let t(l) = -d(l) - 5*x(l). List the prime factors of t(a).
2, 3
Let w(m) = m**3 + 5*m**2 + 3*m + 11. Let b be w(-5). Let i = -10 - b. List the prime factors of (2/i)/((-5)/645).
43
Let d = -131 + 133. Let u(i) = i - 3. Let n be u(6). Suppose w = n, w = -4*o + d*w + 21. List the prime factors of o.
2, 3
Let w(g) = 4*g**2 + 6*g - 7. What are the prime factors of w(-4)?
3, 11
Let f be (-42)/(-9)*(-6)/(-4). Let p(k) = k**3 - 6*k**2 + k + 13. List the prime factors of p(f).
3, 23
Let l = 20 + -11. Let b be (-37)/l - (-4)/36. What are the prime factors of -1*(-22 - (b - -8))?
2, 13
Suppose 3*c - 21 = -2*h - 3*h, 0 = -4*c - h + 11. Suppose c*r = 452 - 92. List the prime factors of r.
2, 3, 5
Suppose -4*q + 14 = 2*r, 0 - 21 = -4*r - q. Suppose 0 = 23*k - 19*k. Suppose k = -r*o - 22 + 207. List the prime factors of o.
37
Let f = 487 + -175. List the prime factors of f.
2, 3, 13
Let f(m) = -6*m**3 + 4*m**2 + 5*m + 3. List the prime factors of f(-3).
2, 3, 31
Let c be 6 - -6*(-1)/2. Suppose 0*m + 5*m + 2*z = 306, 0 = -c*m - z + 184. Let l = -29 + m. List the prime factors of l.
3, 11
Let z be 60/16 + 2/8. What are the prime factors of (0 - -1) + 139 - 8/z?
2, 3, 23
Suppose -21 = -2*c - 5*c. Suppose 0 = -j - 0*j - 5*z + 119, 3*j - 381 = -c*z. List the prime factors of j.
3, 43
Let k = 149 + -22. What are the prime factors of 3 - 1 - (-1 - k)/1?
2, 5, 13
List the prime factors of (-3564)/(-16) - (-27)/(-36).
2, 3, 37
Let k(a) = -a**3 - a**2 + 13*a - 3. Let q be k(3). Suppose 3*g - 104 = 4*r, g + q*g - 38 = -2*r. What are the prime factors of g?
2, 3
Let x be (9 + -4)*1/5. What are the prime factors of x - (-146)/(-4)*-2?
2, 37
Suppose -9*s + 4*s = -160. Let f = s + -31. Suppose 183 = 3*g - 2*k - f, -4*g = 2*k - 264. What are the prime factors of g?
2
Suppose -s + 3*u - 6 = 0, 8 = 4*s - s + 4*u. Suppose -2*c + 5*c - 237 = s. What are the prime factors of c?
79
Let h(f) = 4*f - 80. Let k be h(22). Let r = k + 41. List the prime factors of r.
7
Let z = -363 - -522. List the prime factors of z.
3, 53
Suppose -11*p - 2*d = -10*p - 32, -p + d + 41 = 0. List the prime factors of p.
2, 19
Let m = 1583 - 723. What are the prime factors of m?
2, 5, 43
List the prime factors of (-2)/42*-3 + 129816/189.
3, 229
Let d = -1 - -5. Let b be 8/3 - d/6. Suppose 0 = -y + 3*y, -4 = -2*p - b*y. What are the prime factors of p?
2
Let m = 4861 + -3440. List the prime factors of m.
7, 29
Suppose 0 = -c + 5*k + 1777 + 518, -2*k = -5*c + 11498. What are the prime factors of c?
2, 5, 23
Suppose 0 = 2*x - 10, 4*x = 4*k - 3*k + 24. Let i be -2*3*2/k. Suppose 0 = -3*y + m + 82, -3*y - i*m = 2*m - 94. What are the prime factors of y?
2, 7
Let m = -78 + 533. What are the prime factors of m?
5, 7, 13
Suppose -16*l + 7533 = -6579. List the prime factors of l.
2, 3, 7
Suppose q - 4 = -q + 2*h, -2*h - 6 = -3*q. Suppose q*i - 16 = -3*s, 0*i - 32 = -2*i + s. What are the prime factors of i?
2, 7
Suppose -m = -5*t - 3 + 6, -5*m - 2*t + 12 = 0. Suppose 0 = 3*k - s - 200, 2*k - 136 = -0*k + m*s. List the prime factors of k.
2, 3, 11
Let i be 132/13 + 8/(-52). Suppose 0 = -i*l + 11*l - 30. List the prime factors of l.
2, 3, 5
Let q(x) = -63*x - 181. List the prime factors of q(-17).
2, 5, 89
Suppose -2*k + 15 - 5 = 0. Suppose k*m - 4*m = 34. Let l = 15 + m. What are the prime factors of l?
7
Suppose 0 = -3*j + 9, -5*x + 5 = 3*j + 2*j. Let w = -1 + x. Let q(l) = 3*l**2 + 3. List the prime factors of q(w).
2, 3, 5
Suppose 2*j - 4*j + 94 = 0. Let o = -6 + j. Suppose 0 = -5*k + o + 39. What are the prime factors of k?
2
Let o(b) = -4*b**3 - 4*b - 4. Let i be o(-2). Suppose 0*p - i = -4*p - 5*j, -2*j = -p - 4. Suppose 0 = -p*v + 2*v + 108. What are the prime factors of v?
2, 3
Let q(h) = -h**2 + 5*h + 6. Let s be q(-5). Suppose -5*x = -10, y - 40 = 2*x + 34. Let g = y + s. List the prime factors of g.
2, 17
Suppose -554 - 1630 = -8*k. What are the prime factors of k?
3, 7, 13
Suppose 0 = -4*g + 349 + 691. Suppose 140 = 5*y - g. Suppose 12*n - y = 7*n. List the prime factors of n.
2
Let u = 1345 + 268. What are the prime factors of u?
1613
Suppose 0 = -5*o - 0*o - 55. Let a = -11 - o. List the prime factors of a - (152/(-4))/2.
19
Let w(m) be the first derivative of 27*m**2/2 - 5*m + 40. List the prime factors of w(2).
7
Let t(b) = -30*b**2 - b - 2. Let l be t(-1). Let z = 13 - l. What are the prime factors of z?
2, 11
Let a be 0 + 1 + 2 + -8. Let f = a - -52. What are the prime factors of f?
47
Let f = 26 - 16. 